Dec 02 20:17:08.348 INFO testing riffol-0.3.0 against master#8940af3cea4a9a9deabcaf843b2f8cad9a83fc61 for beta-1.31-5
Dec 02 20:17:08.348 INFO running `"docker" "create" "-v" "/mnt/big/crater/work/local/target-dirs/beta-1.31-5/worker-0/master#8940af3cea4a9a9deabcaf843b2f8cad9a83fc61:/target:rw,Z" "-v" "/mnt/big/crater/work/local/test-source/worker-0/beta-1.31-5/master#8940af3cea4a9a9deabcaf843b2f8cad9a83fc61:/source:ro,Z" "-v" "/mnt/big/crater/work/local/cargo-home:/cargo-home:ro,Z" "-v" "/mnt/big/crater/work/local/rustup-home:/rustup-home:ro,Z" "-e" "USER_ID=1000" "-e" "SOURCE_DIR=/source" "-e" "USER_ID=1000" "-e" "CMD=cargo +8940af3cea4a9a9deabcaf843b2f8cad9a83fc61-alt build --frozen" "-e" "CARGO_TARGET_DIR=/target" "-e" "CARGO_INCREMENTAL=0" "-e" "RUST_BACKTRACE=full" "-e" "RUSTFLAGS=--cap-lints=warn" "-e" "CARGO_HOME=/cargo-home" "-e" "RUSTUP_HOME=/rustup-home" "-m" "1536M" "--network" "none" "crater"`
Dec 02 20:17:08.691 INFO [stdout] d46b455dc4c03c962b91a5cfe237fb24caae55d14684f75f8259710468f25715
Dec 02 20:17:08.696 INFO running `"docker" "start" "-a" "d46b455dc4c03c962b91a5cfe237fb24caae55d14684f75f8259710468f25715"`
Dec 02 20:17:09.314 INFO [stderr] usermod: no changes
Dec 02 20:17:09.511 INFO [stderr]    Compiling nereon_derive v0.4.3
Dec 02 20:17:09.511 INFO [stderr]    Compiling stderrlog v0.4.1
Dec 02 20:17:15.029 INFO [stderr]    Compiling nereon v0.4.4
Dec 02 20:17:22.130 INFO [stderr]    Compiling riffol v0.3.0 (/source)
Dec 02 20:17:42.099 INFO [stderr]     Finished dev [unoptimized + debuginfo] target(s) in 32.74s
Dec 02 20:17:42.106 INFO [stderr] su: No module specific data is present
Dec 02 20:17:42.469 INFO running `"docker" "inspect" "d46b455dc4c03c962b91a5cfe237fb24caae55d14684f75f8259710468f25715"`
Dec 02 20:17:42.622 INFO running `"docker" "rm" "-f" "d46b455dc4c03c962b91a5cfe237fb24caae55d14684f75f8259710468f25715"`
Dec 02 20:17:42.770 INFO [stdout] d46b455dc4c03c962b91a5cfe237fb24caae55d14684f75f8259710468f25715
Dec 02 20:17:42.776 INFO running `"docker" "create" "-v" "/mnt/big/crater/work/local/target-dirs/beta-1.31-5/worker-0/master#8940af3cea4a9a9deabcaf843b2f8cad9a83fc61:/target:rw,Z" "-v" "/mnt/big/crater/work/local/test-source/worker-0/beta-1.31-5/master#8940af3cea4a9a9deabcaf843b2f8cad9a83fc61:/source:ro,Z" "-v" "/mnt/big/crater/work/local/cargo-home:/cargo-home:ro,Z" "-v" "/mnt/big/crater/work/local/rustup-home:/rustup-home:ro,Z" "-e" "USER_ID=1000" "-e" "SOURCE_DIR=/source" "-e" "USER_ID=1000" "-e" "CMD=cargo +8940af3cea4a9a9deabcaf843b2f8cad9a83fc61-alt test --frozen --no-run" "-e" "CARGO_TARGET_DIR=/target" "-e" "CARGO_INCREMENTAL=0" "-e" "RUST_BACKTRACE=full" "-e" "RUSTFLAGS=--cap-lints=warn" "-e" "CARGO_HOME=/cargo-home" "-e" "RUSTUP_HOME=/rustup-home" "-m" "1536M" "--network" "none" "crater"`
Dec 02 20:17:43.043 INFO [stdout] eaef3e1368bdcc3858cbe7b06b0f18415705a9646ae330e39ef3302b7324fac6
Dec 02 20:17:43.053 INFO running `"docker" "start" "-a" "eaef3e1368bdcc3858cbe7b06b0f18415705a9646ae330e39ef3302b7324fac6"`
Dec 02 20:17:43.955 INFO [stderr] usermod: no changes
Dec 02 20:17:44.123 INFO [stderr]    Compiling riffol v0.3.0 (/source)
Dec 02 20:17:55.843 INFO [stderr]     Finished dev [unoptimized + debuginfo] target(s) in 11.86s
Dec 02 20:17:55.852 INFO [stderr] su: No module specific data is present
Dec 02 20:17:56.704 INFO running `"docker" "inspect" "eaef3e1368bdcc3858cbe7b06b0f18415705a9646ae330e39ef3302b7324fac6"`
Dec 02 20:17:57.073 INFO running `"docker" "rm" "-f" "eaef3e1368bdcc3858cbe7b06b0f18415705a9646ae330e39ef3302b7324fac6"`
Dec 02 20:17:57.427 INFO [stdout] eaef3e1368bdcc3858cbe7b06b0f18415705a9646ae330e39ef3302b7324fac6
Dec 02 20:17:57.435 INFO running `"docker" "create" "-v" "/mnt/big/crater/work/local/target-dirs/beta-1.31-5/worker-0/master#8940af3cea4a9a9deabcaf843b2f8cad9a83fc61:/target:rw,Z" "-v" "/mnt/big/crater/work/local/test-source/worker-0/beta-1.31-5/master#8940af3cea4a9a9deabcaf843b2f8cad9a83fc61:/source:ro,Z" "-v" "/mnt/big/crater/work/local/cargo-home:/cargo-home:ro,Z" "-v" "/mnt/big/crater/work/local/rustup-home:/rustup-home:ro,Z" "-e" "USER_ID=1000" "-e" "SOURCE_DIR=/source" "-e" "USER_ID=1000" "-e" "CMD=cargo +8940af3cea4a9a9deabcaf843b2f8cad9a83fc61-alt test --frozen" "-e" "CARGO_TARGET_DIR=/target" "-e" "CARGO_INCREMENTAL=0" "-e" "RUST_BACKTRACE=full" "-e" "RUSTFLAGS=--cap-lints=warn" "-e" "CARGO_HOME=/cargo-home" "-e" "RUSTUP_HOME=/rustup-home" "-m" "1536M" "--network" "none" "crater"`
Dec 02 20:17:57.938 INFO [stdout] 103d73b05e73674f8488749e3068dffb7e7c2de1af6a162d0b9660901874cf15
Dec 02 20:17:57.940 INFO running `"docker" "start" "-a" "103d73b05e73674f8488749e3068dffb7e7c2de1af6a162d0b9660901874cf15"`
Dec 02 20:17:59.019 INFO [stderr] usermod: no changes
Dec 02 20:17:59.166 INFO [stderr]     Finished dev [unoptimized + debuginfo] target(s) in 0.13s
Dec 02 20:17:59.184 INFO [stderr]      Running /target/debug/deps/riffol-93c24f04a5add87f
Dec 02 20:17:59.186 INFO [stdout] 
Dec 02 20:17:59.186 INFO [stdout] running 2 tests
Dec 02 20:17:59.215 INFO [stdout] test config::tests::test ... ok
Dec 02 20:17:59.305 INFO [stdout] test stream::test::test1 ... FAILED
Dec 02 20:17:59.305 INFO [stdout] 
Dec 02 20:17:59.305 INFO [stdout] failures:
Dec 02 20:17:59.305 INFO [stdout] 
Dec 02 20:17:59.305 INFO [stdout] ---- stream::test::test1 stdout ----
Dec 02 20:17:59.305 INFO [stdout] thread 'stream::test::test1' panicked at 'called `Result::unwrap()` on an `Err` value: Os { code: 2, kind: NotFound, message: "No such file or directory" }', libcore/result.rs:1009:5
Dec 02 20:17:59.305 INFO [stdout] stack backtrace:
Dec 02 20:17:59.305 INFO [stdout]    0:     0x5627fb3ba9cf - std::sys::unix::backtrace::tracing::imp::unwind_backtrace::h3a8b83e1922cbdde
Dec 02 20:17:59.305 INFO [stdout]                                at libstd/sys/unix/backtrace/tracing/gcc_s.rs:49
Dec 02 20:17:59.305 INFO [stdout]    1:     0x5627fb3c7327 - std::sys_common::backtrace::print::h00d3155a29b4020f
Dec 02 20:17:59.305 INFO [stdout]                                at libstd/sys_common/backtrace.rs:71
Dec 02 20:17:59.305 INFO [stdout]                                at libstd/sys_common/backtrace.rs:59
Dec 02 20:17:59.305 INFO [stdout]    2:     0x5627fb3bfebf - std::panicking::default_hook::{{closure}}::hd7465c742e79e1bb
Dec 02 20:17:59.305 INFO [stdout]                                at libstd/panicking.rs:211
Dec 02 20:17:59.305 INFO [stdout]    3:     0x5627fb3bfbbe - std::panicking::default_hook::h9e3966f2aa2a6e12
Dec 02 20:17:59.305 INFO [stdout]                                at libstd/panicking.rs:221
Dec 02 20:17:59.305 INFO [stdout]    4:     0x5627fb3c059e - std::panicking::rust_panic_with_hook::h587f091ae747d080
Dec 02 20:17:59.305 INFO [stdout]                                at libstd/panicking.rs:476
Dec 02 20:17:59.305 INFO [stdout]    5:     0x5627fb3c0141 - std::panicking::continue_panic_fmt::hb3a4fdede87f43a8
Dec 02 20:17:59.305 INFO [stdout]                                at libstd/panicking.rs:390
Dec 02 20:17:59.305 INFO [stdout]    6:     0x5627fb3c0025 - rust_begin_unwind
Dec 02 20:17:59.305 INFO [stdout]                                at libstd/panicking.rs:325
Dec 02 20:17:59.305 INFO [stdout]    7:     0x5627fb4083cc - core::panicking::panic_fmt::h6f9cebf5e7474a0b
Dec 02 20:17:59.305 INFO [stdout]                                at libcore/panicking.rs:77
Dec 02 20:17:59.305 INFO [stdout]    8:     0x5627fb368fc0 - core::result::unwrap_failed::he3d11189c43b7f5a
Dec 02 20:17:59.305 INFO [stdout]                                at libcore/macros.rs:26
Dec 02 20:17:59.305 INFO [stdout]    9:     0x5627fb06a473 - <core::result::Result<T, E>>::unwrap::ha4cf6c6374d3c93c
Dec 02 20:17:59.305 INFO [stdout]                                at libcore/result.rs:808
Dec 02 20:17:59.305 INFO [stdout]   10:     0x5627fb04a8af - riffol::stream::test::test1::h9598fe29e7162720
Dec 02 20:17:59.305 INFO [stdout]                                at src/stream.rs:286
Dec 02 20:17:59.305 INFO [stdout]   11:     0x5627fb04a749 - riffol::stream::test::test1::{{closure}}::h98a1c7ef1ed83d11
Dec 02 20:17:59.305 INFO [stdout]                                at src/stream.rs:284
Dec 02 20:17:59.305 INFO [stdout]   12:     0x5627fb00360d - core::ops::function::FnOnce::call_once::hc48da84978f01c74
Dec 02 20:17:59.305 INFO [stdout]                                at libcore/ops/function.rs:238
Dec 02 20:17:59.305 INFO [stdout]   13:     0x5627fb08296e - <F as alloc::boxed::FnBox<A>>::call_box::hac903f91577a156c
Dec 02 20:17:59.305 INFO [stdout]                                at libtest/lib.rs:1468
Dec 02 20:17:59.305 INFO [stdout]                                at libcore/ops/function.rs:238
Dec 02 20:17:59.305 INFO [stdout]                                at liballoc/boxed.rs:672
Dec 02 20:17:59.305 INFO [stdout]   14:     0x5627fb3d22d9 - __rust_maybe_catch_panic
Dec 02 20:17:59.305 INFO [stdout]                                at libpanic_unwind/lib.rs:102
Dec 02 20:17:59.305 INFO [stdout]   15:     0x5627fb0a45c2 - std::sys_common::backtrace::__rust_begin_short_backtrace::hb8f0d0309526c184
Dec 02 20:17:59.305 INFO [stdout]                                at libstd/panicking.rs:289
Dec 02 20:17:59.305 INFO [stdout]                                at libstd/panic.rs:392
Dec 02 20:17:59.305 INFO [stdout]                                at libtest/lib.rs:1423
Dec 02 20:17:59.305 INFO [stdout]                                at libstd/sys_common/backtrace.rs:136
Dec 02 20:17:59.306 INFO [stdout]   16:     0x5627fb0a5074 - std::panicking::try::do_call::hc2f7c8b9a348d8db
Dec 02 20:17:59.306 INFO [stdout]                                at libstd/thread/mod.rs:409
Dec 02 20:17:59.306 INFO [stdout]                                at libstd/panic.rs:313
Dec 02 20:17:59.306 INFO [stdout]                                at libstd/panicking.rs:310
Dec 02 20:17:59.306 INFO [stdout]   17:     0x5627fb3d22d9 - __rust_maybe_catch_panic
Dec 02 20:17:59.306 INFO [stdout]                                at libpanic_unwind/lib.rs:102
Dec 02 20:17:59.306 INFO [stdout]   18:     0x5627fb0922ac - <F as alloc::boxed::FnBox<A>>::call_box::h6bfded618e480b32
Dec 02 20:17:59.306 INFO [stdout]                                at libstd/panicking.rs:289
Dec 02 20:17:59.306 INFO [stdout]                                at libstd/panic.rs:392
Dec 02 20:17:59.306 INFO [stdout]                                at libstd/thread/mod.rs:408
Dec 02 20:17:59.306 INFO [stdout]                                at liballoc/boxed.rs:672
Dec 02 20:17:59.306 INFO [stdout]   19:     0x5627fb3bd22d - std::sys_common::thread::start_thread::h4c28257d67cdf9cb
Dec 02 20:17:59.306 INFO [stdout]                                at liballoc/boxed.rs:682
Dec 02 20:17:59.306 INFO [stdout]                                at libstd/sys_common/thread.rs:24
Dec 02 20:17:59.306 INFO [stdout]   20:     0x5627fb3ad3f5 - std::sys::unix::thread::Thread::new::thread_start::hfecb2e7eff8fd34f
Dec 02 20:17:59.306 INFO [stdout]                                at libstd/sys/unix/thread.rs:90
Dec 02 20:17:59.306 INFO [stdout]   21:     0x7fb6ac1a76b9 - start_thread
Dec 02 20:17:59.306 INFO [stdout]   22:     0x7fb6abcc741c - clone
Dec 02 20:17:59.306 INFO [stdout]   23:                0x0 - <unknown>
Dec 02 20:17:59.306 INFO [stdout] 
Dec 02 20:17:59.306 INFO [stdout] 
Dec 02 20:17:59.306 INFO [stdout] failures:
Dec 02 20:17:59.306 INFO [stdout]     stream::test::test1
Dec 02 20:17:59.306 INFO [stdout] 
Dec 02 20:17:59.306 INFO [stdout] test result: FAILED. 1 passed; 1 failed; 0 ignored; 0 measured; 0 filtered out
Dec 02 20:17:59.306 INFO [stdout] 
Dec 02 20:17:59.311 INFO [stderr] error: test failed, to rerun pass '--lib'
Dec 02 20:17:59.311 INFO [stderr] su: No module specific data is present
Dec 02 20:17:59.793 INFO running `"docker" "inspect" "103d73b05e73674f8488749e3068dffb7e7c2de1af6a162d0b9660901874cf15"`
Dec 02 20:17:59.908 INFO running `"docker" "rm" "-f" "103d73b05e73674f8488749e3068dffb7e7c2de1af6a162d0b9660901874cf15"`
Dec 02 20:18:00.163 INFO [stdout] 103d73b05e73674f8488749e3068dffb7e7c2de1af6a162d0b9660901874cf15
